s 13 (base 4) in base 14?
7
Convert 11 (base 11) to base 5.
22
4 (base 13) to base 9
4
Convert 30 (base 4) to base 14.
c
-35 (base 6) to base 16
-17
What is 1 (base 3) in base 6?
1
Convert -9 (base 12) to base 13.
-9
Convert 7 (base 9) to base 5.
12
4 (base 15) to base 10
4
Convert 2 (base 16) to base 12.
2
100 (base 2) to base 10
4
-b (base 14) to base 15
-b
What is 0 (base 10) in base 13?
0
1 (base 7) to base 4
1
Convert 221 (base 3) to base 16.
19
Convert 1010 (base 2) to base 16.
a
6 (base 16) to base 9
6
Convert -20 (base 6) to base 10.
-12
Convert -3 (base 7) to base 15.
-3
3 (base 11) to base 9
3
-35 (base 7) to base 13
-20
1 (base 6) to base 5
1
Convert 1001 (base 2) to base 14.
9
What is 8 (base 16) in base 4?
20
-1 (base 7) to base 14
-1
What is 24 (base 16) in base 6?
100
Convert a6 (base 14) to base 5.
1041
3 (base 4) to base 7
3
Convert 4 (base 14) to base 7.
4
What is 1 (base 8) in base 12?
1
Convert -314 (base 6) to base 2.
-1110110
11 (base 9) to base 15
a
Convert 6b (base 14) to base 4.
1133
What is 0 (base 13) in base 11?
0
What is 11 (base 9) in base 13?
a
-15 (base 10) to base 8
-17
Convert -130 (base 13) to base 7.
-415
What is 10000 (base 2) in base 8?
20
Convert -31 (base 6) to base 13.
-16
1 (base 6) to base 16
1
Convert 15 (base 7) to base 3.
110
Convert -104 (base 9) to base 8.
-125
Convert -a (base 15) to base 14.
-a
What is -23 (base 14) in base 7?
-43
What is 6 (base 9) in base 3?
20
Convert -2 (base 16) to base 10.
-2
20 (base 3) to base 6
10
Convert 2 (base 16) to base 6.
2
1011 (base 3) to base 11
29
Convert -48 (base 9) to base 12.
-38
-54 (base 14) to base 9
-82
Convert -6 (base 13) to base 7.
-6
What is -110 (base 2) in base 11?
-6
Convert -11 (base 5) to base 11.
-6
What is -33 (base 10) in base 4?
-201
Convert -122 (base 3) to base 11.
-16
What is -11 (base 2) in base 8?
-3
3 (base 8) to base 6
3
What is 9 (base 13) in base 3?
100
105 (base 11) to base 6
330
Convert 4 (base 9) to base 10.
4
-87 (base 13) to base 9
-133
24 (base 12) to base 6
44
-4 (base 16) to base 6
-4
Convert -22 (base 7) to base 16.
-10
What is 0 (base 11) in base 3?
0
What is 59 (base 16) in base 8?
131
-8 (base 12) to base 15
-8
5 (base 11) to base 16
5
-28 (base 10) to base 8
-34
Convert 25 (base 6) to base 9.
18
Convert 25 (base 10) to base 12.
21
-40 (base 5) to base 4
-110
What is 11 (base 2) in base 15?
3
1 (base 9) to base 13
1
Convert 31 (base 11) to base 2.
100010
Convert -115 (base 13) to base 11.
-160
Convert -10 (base 15) to base 12.
-13
What is 1123 (base 5) in base 7?
322
Convert 1041 (base 5) to base 7.
266
What is -1011110 (base 2) in base 7?
-163
What is -4 (base 15) in base 4?
-10
2 (base 13) to base 2
10
Convert -9 (base 14) to base 9.
-10
46 (base 14) to base 2
111110
Convert 2 (base 8) to base 12.
2
Convert 13 (base 7) to base 8.
12
-109 (base 11) to base 7
-244
202 (base 5) to base 2
110100
Convert 3 (base 9) to base 6.
3
-30 (base 6) to base 11
-17
-4 (base 5) to base 2
-100
What is -10 (base 2) in base 3?
-2
What is -3 (base 16) in base 5?
-3
What is -11 (base 3) in base 2?
-100
15 (base 11) to base 2
10000
Convert -5 (base 13) to base 12.
-5
Convert 11 (base 10) to base 16.
b
12 (base 7) to base 13
9
b (base 15) to base 4
23
1222 (base 5) to base 4
2323
4 (base 13) to base 12
4
Convert 2 (base 16) to base 13.
2
95 (base 12) to base 14
81
5b (base 16) to base 13
70
Convert 1 (base 4) to base 2.
1
Convert 14 (base 11) to base 16.
f
Convert -100 (base 3) to base 2.
-1001
2 (base 16) to base 3
2
What is 251 (base 7) in base 6?
342
Convert -3 (base 13) to base 5.
-3
-24 (base 6) to base 15
-11
Convert -a (base 14) to base 3.
-101
What is 12 (base 14) in base 15?
11
What is -116 (base 9) in base 11?
-88
What is -6a (base 14) in base 10?
-94
4 (base 5) to base 16
4
What is -26 (base 13) in base 15?
-22
What is -1000 (base 2) in base 11?
-8
What is 4 (base 14) in base 7?
4
What is -b (base 15) in base 4?
-23
Convert 37 (base 15) to base 2.
110100
Convert 6 (base 8) to base 3.
20
-24 (base 12) to base 4
-130
What is -1c7 (base 14) in base 7?
-1040
Convert -73 (base 12) to base 14.
-63
What is -8 (base 13) in base 15?
-8
What is -38 (base 9) in base 8?
-43
79 (base 10) to base 13
61
Convert 15 (base 15) to base 9.
22
Convert 1 (base 4) to base 14.
1
Convert -7 (base 10) to base 9.
-7
Convert -2 (base 10) to base 9.
-2
What is 61 (base 10) in base 9?
67
What is -3 (base 8) in base 4?
-3
What is 6 (base 8) in base 13?
6
What is 14 (base 11) in base 15?
10
Convert -16 (base 9) to base 3.
-120
What is 11 (base 9) in base 2?
1010
20 (base 6) to base 12
10
Convert -310 (base 5) to base 7.
-143
-5 (base 15) to base 10
-5
What is -2 (base 11) in base 3?
-2
1 (base 10) to base 15
1
32 (base 14) to base 3
1122
-3 (base 15) to base 11
-3
1c (base 14) to base 10
26
What is -201 (base 3) in base 5?
-34
5 (base 8) to base 4
11
Convert 0 (base 4) to base 11.
0
Convert -15 (base 8) to base 15.
-d
Convert 210 (base 3) to base 13.
18
What is -120 (base 3) in base 2?
-1111
1112 (base 3) to base 15
2b
96 (base 13) to base 12
a3
-f (base 16) to base 2
-1111
Convert 111 (base 4) to base 3.
210
Convert -5 (base 9) to base 10.
-5
15 (base 13) to base 5
33
-22 (base 5) to base 2
-1100
Convert 11 (base 11) to base 8.
14
What is -22 (base 9) in base 15?
-15
2 (base 9) to base 12
2
What is -8 (base 10) in base 8?
-10
What is -140 (base 5) in base 13?
-36
222 (base 9) to base 15
c2
Convert -8 (base 12) to base 6.
-12
-1011 (base 2) to base 7
-14
What is 0 (base 13) in base 14?
0
-31 (base 10) to base 9
-34
17 (base 11) to base 6
30
What is 60 (base 14) in base 15?
59
What is -7 (base 14) in base 5?
-12
What is 84 (base 14) in base 2?
1110100
Convert 3 (base 13) to base 2.
11
Convert 10001101 (base 2) to base 4.
2031
35 (base 16) to base 15
38
What is ce (base 15) in base 2?
11000010
Convert 1 (base 13) to base 3.
1
What is 1 (base 15) in base 9?
1
What is 25 (base 8) in base 13?
18
Convert a (base 11) to base 3.
101
What is 3 (base 13) in base 5?
3
-4 (base 7) to base 5
-4
What is 3 (base 5) in base 6?
3
What is 12 (base 4) in base 5?
11
-3 (base 7) to base 10
-3
Convert -1245 (base 6) to base 14.
-189
What is -2 (base 11) in base 15?
-2
-223 (base 5) to base 2
-111111
What is b (base 14) in base 9?
12
6 (base 12) to base 10
6
Convert -11 (base 6) to base 9.
-7
What is -9a (base 13) in base 2?
-1111111
Convert 3 (base 8) to base 15.
3
Convert -4 (base 7) to base 2.
-100
303 (base 5) to base 9
86
Convert 145 (base 7) to base 9.
101
3 (base 8) to base 4
3
What is -2102 (base 3) in base 9?
-72
-141 (base 8) to base 15
-67
3 (base 10) to base 14
3
-1 (base 13) to base 11
-1
What is -5 (base 8) in base 6?
-5
-1021 (base 5) to base 13
-a6
Convert 122 (base 3) to base 5.
32
What is 1001100 (base 2) in base 15?
51
1112 (base 5) to base 7
313
What is 66 (base 10) in base 3?
2110
Convert -4 (base 15) to base 5.
-4
Convert -52 (base 16) to base 14.
-5c
What is 315 (base 6) in base 5?
434
What is -97 (base 14) in base 6?
-341
-253 (base 9) to base 4
-3102
What is 1 (base 11) in base 16?
1
Convert 36 (base 10) to base 15.
26
What is -5c (base 14) in base 12?
-6a
-5 (base 13) to base 5
-10
What is 331 (base 5) in base 15?
61
Convert 43 (base 6) to base 16.
1b
What is 5 (base 11) in base 3?
12
1 (base 4) to base 8
1
What is 11 (base 5) in base 9?
6
What is 1202 (base 4) in base 11?
8a
Convert 100011 (base 2) to base 16.
23
13 (base 15) to base 16
12
Convert -1204 (base 5) to base 3.
-20122
Convert 2 (base 15) to base 4.
2
Convert -1 (base 6) to base 8.
-1
What is 66 (base 12) in base 7?
141
-343 (base 5) to base 3
-10122
What is -123 (base 4) in base 12?
-23
b5 (base 13) to base 15
9d
-c7 (base 16) to base 10
-199
-ae (base 15) to base 4
-2210
What is 1 (base 11) in base 10?
1
2 (base 13) to base 16
2
What is -12 (base 6) in base 11?
-8
11100111 (base 2) to base 9
276
Convert 0 (base 3) to base 10.
0
Convert -10 (base 3) to base 12.
-3
-155 (base 7) to base 3
-10022
What is 2 (base 8) in base 6?
2
Convert -20 (base 9) to base 16.
-12
-70 (base 13) to base 3
-10101
Convert 11 (base 3) to base 6.
4
What is 22 (base 12) in base 5?
101
What is 11 (base 2) in base 7?
3
What is 1 (base 9) in base 16?
1
-1 (base 2) to base 3
-1
What is 7 (base 14) in base 16?
7
22 (b